ppose 8*g - 12*g = -f. What are the prime factors of g?
7, 23
Suppose -5*k + 10*k - 4*t - 11694 = 0, 2*t = 2*k - 4676. List the prime factors of k.
2, 1171
Let c = -228 - -282. List the prime factors of 84/(-5 + 1 + c/13).
2, 3, 7, 13
Let m be (-29)/(-1) + 3/(-1). Let c(w) = -w - 14. Let t be c(m). List the prime factors of t/(39/15 + -3).
2, 5
What are the prime factors of (-2 - (-65)/26)*347*376?
2, 47, 347
Let q(k) = -k**3 - k**2 - k. Let f be q(0). Suppose -4*v - 120 = -2*c - c, 5*v + 15 = f. List the prime factors of (c/(3 - -3))/((-2)/(-15)).
3, 5
Suppose 32*d + 23114 = 227082. What are the prime factors of d?
2, 3187
Suppose 0 = 4*m + 2*a - 12318, -m - 7*a = 1669 - 4768. What are the prime factors of m?
2, 3, 19
Suppose -4*l - 4*q + 25 = -3, -15 = -3*q. List the prime factors of l*-2*55798/(-184).
1213
Let n(h) = -2*h - 5. Let b be n(-5). Let o = 1 + b. Suppose 0 = o*x - 2*x - 4*j - 112, 2*j = -3*x + 64. What are the prime factors of x?
2, 3
Let x(u) = u**3 - 19*u**2 - 22*u + 52. Let a be x(17). Let v = 1918 + a. What are the prime factors of v?
2, 509
Suppose -5*a - 2*w + 48 = 17, 4*a - 8 = 4*w. Suppose 0 = r - 2, 0 = -z + a*r + 370. List the prime factors of z.
2, 5, 19
Let v be (32 - 33)*(-1)/((-1)/207). What are the prime factors of ((-68)/12 - -4)/(3/v)?
5, 23
Suppose 3*m - 15*r = -14*r + 14, 2*m + 14 = -4*r. Suppose 0 = -5*d - m*j - 5, 0 = 5*d + j + 3*j + 10. List the prime factors of d.
2
Suppose -10*j + 5933 = -2987. Suppose m - 5*o = 223, 4*m + 6*o - o - j = 0. What are the prime factors of m?
223
Let g be 110/33*(-39)/(-2). Suppose 22*v + g = 9877. What are the prime factors of v?
2, 223
Suppose 3*d + 360*n - 23340 = 359*n, -2*n = -18. What are the prime factors of d?
7, 11, 101
Suppose 4*o + 12 = 0, 159 - 1039 = -5*k - 5*o. Let h = k - -40. List the prime factors of h.
3, 73
Suppose 0 = 2*q + 3*l - 138, -2*q = 2*q + l - 256. Let d = 66 - q. Suppose d*k + 69 = 2*g, 3*g - 5*k = 4*g - 15. List the prime factors of g.
2, 3, 5
Let x = 15 - 12. Suppose 5*h - p = 82, -x*h + 0*p + p = -48. What are the prime factors of h?
17
List the prime factors of (284/(-112) + 34/119)/((-6)/3232).
2, 3, 101
List the prime factors of (-4)/(-66) + 34/((-20196)/(-6185286)).
3, 13, 89
Let f be 3*(-3 - (-2 + 1))/(-2). Suppose m - r + 1 = 0, -r + f - 2 = 0. List the prime factors of (-2)/(-6) - m - (-286)/6.
2, 3
Suppose 3*h + 2*h - 422 = -4*z, -5*h + 395 = -5*z. Suppose -2*i + h + 10 = 0. List the prime factors of i.
2, 23
Let l = 42 - 53. Let g(z) = -4*z + 92. What are the prime factors of g(l)?
2, 17
Let z be (-8)/16*(-1 + -5). Suppose 85 = 5*h - c, z*c = -c - 20. Let s(d) = 7*d - 39. What are the prime factors of s(h)?
73
Let t = -1065 + 3875. Suppose -3*c - q + 627 = -t, -6*c - 3*q = -6876. List the prime factors of c.
5, 229
Let a(s) = 46*s**2 - 130*s + 81. What are the prime factors of a(12)?
3, 5, 7
Let t = -3 - 0. Let s(d) be the second derivative of -3*d**5/20 - d**4/4 + d**3/3 + 5*d**2/2 - 3*d - 2. What are the prime factors of s(t)?
53
Suppose 2*k = -6*k - k. Suppose -3*p = -k*p - 6. What are the prime factors of p?
2
Let r = -156 + -202. Let v be r/(7 + -4 - 5). Suppose 5*d + 2*g = -0*g + v, 2*d = g + 77. List the prime factors of d.
37
Suppose 0 = 16*l - 35 - 157. Suppose -337 = -2*d + 3*n, -l = 3*d - 5*n - 516. List the prime factors of d.
173
Let v = 255 - 245. List the prime factors of -8 + 370/50 + 4406/v.
2, 5, 11
Let b(t) = -80*t - 101. Let k be b(-16). Suppose 7*l + 3*r - k = 5*l, -1185 = -2*l - r. What are the prime factors of l?
2, 3, 11
Let c(f) = 100*f**2 + 5*f + 2. Let p be (2*(-1)/(-5))/(1/10). Let o be ((-39)/(-9) - p)/(1/(-3)). List the prime factors of c(o).
97
Let b = 81 - 64. Let p = b + -33. List the prime factors of 48*18*(-2)/p.
2, 3
Let f = 1810 + 3223. What are the prime factors of f?
7, 719
Let u = -3261 + 7480. What are the prime factors of u?
4219
Let b(z) = 74823*z - 3453. What are the prime factors of b(1)?
2, 3, 5, 13, 61
Suppose 4*t - 88 = -f, -2*t + 7*t = -20. Let d = f + 651. What are the prime factors of d?
5, 151
Suppose 398*d - 149*d - 3609580 = 3040712. List the prime factors of d.
2, 11, 607
Suppose 21 = 3*w - 12. Suppose -3*i + w*i + 216 = 0. List the prime factors of (-344)/6*(24 + i).
2, 43
Let p(h) = -474*h - 4649. List the prime factors of p(-11).
5, 113
Let z(w) = 162*w + 30. Let i be z(4). Let j = i - 378. What are the prime factors of j?
2, 3, 5
Let d = -1547 - -2576. Let u = d + -200. What are the prime factors of u?
829
Suppose 0 = -283*o + 296*o - 412087. What are the prime factors of o?
31699
Let w(c) = 5*c. Let n be 1*((-92)/(-4))/1. Let z be w(n). What are the prime factors of (1311/z)/(1/5)?
3, 19
Suppose 8 = 75*c - 79*c. List the prime factors of (-404)/c + -24 + 28.
2, 103
Let p = 2346 - 1308. List the prime factors of p.
2, 3, 173
Suppose -46 = u + 2*r, -2*u + 2*r = -5*u - 122. What are the prime factors of (-24)/(-228) - 870/u?
23
Let z(h) = -2380*h - 1422. List the prime factors of z(-33).
2, 3, 12853
Let f be (6/(-4) + 3 + 1)*-6. Let b = f + 96. Let o = 95 - b. What are the prime factors of o?
2, 7
Let x(o) = -11*o + 18. Let g(w) = -54*w + 91. Let l(c) = 2*g(c) - 11*x(c). Let t(z) = z**2 - 41*z + 47. Let k be t(40). List the prime factors of l(k).
3, 5
List the prime factors of (-18248)/6*((-459)/34)/9.
2, 2281
Suppose -d - 10943 + 37724 = 5*u, 0 = 5*d - 5*u - 133995. List the prime factors of d.
2, 3, 7, 11, 29
Suppose 32*b + 83*b - 594435 = 0. What are the prime factors of b?
3, 1723
Suppose -290*k + 1901787 = -2435163. What are the prime factors of k?
3, 5, 997
Suppose 82*i - 15*i = 588570 + 326516. What are the prime factors of i?
2, 6829
Let i be 1/(2/(-3) - (-14)/12). What are the prime factors of ((-678)/(-15))/(i/(-20)*-2)?
2, 113
Let l be 26/7 + (-36)/(-126). Suppose 0 = l*y + d + 3 - 34, -13 = -4*y + 5*d. Suppose 72 = y*h - h. What are the prime factors of h?
2, 3
Let g = 31 - 33. Let x = -4 + g. What are the prime factors of 20/(-1)*x*(0 + 1)?
2, 3, 5
Let t be 6 + (-6)/1 + -12. List the prime factors of 836 + (t - (7 + -12)).
829
Let m = -27658 + 49844. List the prime factors of m.
2, 11093
What are the prime factors of 11230 + (105/(-5) - -12)?
7, 229
Suppose o = l - 7 - 0, -3*l = -2*o - 21. Suppose -i + 12 = 3*i, -2*d - i - l = 0. What are the prime factors of 20 - (-4 - -4)/d?
2, 5
Suppose 43*t - 41*t - 310 = 0. Let z = 437 - t. What are the prime factors of z?
2, 3, 47
Let t be 2 - 5*65/25. Let y = 214 - t. What are the prime factors of y?
3, 5
Let m be 4 + (-2 + 4)/(-2). Suppose j - 26 = -m*n - 3*j, 0 = -j + 5. Let l(k) = 19*k + 7. List the prime factors of l(n).
3, 5
Suppose -156 = -2*b - 4*u, 4*b + 99 - 393 = u. Suppose -b*c - 2405 = -79*c. List the prime factors of c.
13, 37
Let b = 40 - 35. Suppose -172 = b*x + 48. List the prime factors of (-8)/x + 3/22*578.
79
Let g(i) = -13*i**2 - 2*i - 4. Let b be g(8). Let j = -773 - b. List the prime factors of j.
79
Let t(h) = -3*h**2 - 50*h + 26. Let i be t(-36). List the prime factors of 69/46 + i/(-4).
11, 47
Let g(u) = -6*u**3 + 27*u**2 + 85*u + 18. What are the prime factors of g(-16)?
2, 15073
Suppose 2*z + 7 = 3*c - 34, 49 = 3*c + 2*z. What are the prime factors of (-2)/10 + -6*(-198)/c?
79
Let m(v) = -3*v**3 - 3*v**2 + 2*v + 4. Let b be m(-7). Let w = b + -382. What are the prime factors of w?
2, 5, 7
List the prime factors of (-16)/656 - (-7956960)/328.
17, 1427
Let j = 49037 + -33403. What are the prime factors of j?
2, 7817
Suppose -s - 1531 = -z, 2*z - 4*s = -0*z + 3064. Suppose 3*w + z = 13*w. What are the prime factors of w?
3, 17
Suppose -n + 7067 = -5*v, 2*n - 6*v - 14144 = -v. Suppose 8*t - 2115 = n. What are the prime factors of t?
3, 383
Let m(p) be the first derivative of 25*p**3/3 - 19*p**2/2 - 128*p + 117. What are the prime factors of m(-6)?
2, 443
Suppose 15 - 15 = -2*q. Suppose 0 = c + c, -3*x + 5*c + 6 = q. Suppose k + 224 = x*k + 4*p, p + 811 = 4*k. List the prime factors of k.
2, 3, 17
Let f(r) = 103*r**3 - 3*r**2 - 159*r + 104. List the prime factors of f(8).
2, 13, 19
Suppose -5*f - 6 = -7*f. Suppose -7 = -f*n + 8. Suppose 154 = -n*r + 1374. List the prime factors of r.
2, 61
Suppose -3*v = -15 + 9, 2*g = -2*v + 182. Let r = g - -631. What are the prime factors of r?
2, 3, 5
Let c = -420